{"id":142,"date":"2024-01-11T20:41:13","date_gmt":"2024-01-11T19:41:13","guid":{"rendered":"https:\/\/servelectric.cl\/?page_id=142"},"modified":"2024-02-24T19:32:21","modified_gmt":"2024-02-24T18:32:21","slug":"nosotros","status":"publish","type":"page","link":"https:\/\/servelectric.cl\/index.php\/nosotros\/","title":{"rendered":"Nosotros"},"content":{"rendered":"\t\t<div data-elementor-type=\"wp-page\" data-elementor-id=\"142\" class=\"elementor elementor-142\">\n\t\t\t\t<div class=\"elementor-element elementor-element-38f536f e-flex e-con-boxed e-con e-parent\" data-id=\"38f536f\" data-element_type=\"container\" data-settings=\"{&quot;content_width&quot;:&quot;boxed&quot;}\" data-core-v316-plus=\"true\">\n\t\t\t\t\t<div class=\"e-con-inner\">\n\t\t<div class=\"elementor-element elementor-element-f2daa51 e-flex e-con-boxed e-con e-child\" data-id=\"f2daa51\" data-element_type=\"container\" data-settings=\"{&quot;content_width&quot;:&quot;boxed&quot;}\">\n\t\t\t\t\t<div class=\"e-con-inner\">\n\t\t\t\t<div class=\"elementor-element elementor-element-4de960d elementor-widget elementor-widget-heading\" data-id=\"4de960d\" data-element_type=\"widget\" data-widget_type=\"heading.default\">\n\t\t\t\t<div class=\"elementor-widget-container\">\n\t\t\t<style>\/*! elementor - v3.19.0 - 07-02-2024 *\/\n.elementor-heading-title{padding:0;margin:0;line-height:1}.elementor-widget-heading .elementor-heading-title[class*=elementor-size-]>a{color:inherit;font-size:inherit;line-height:inherit}.elementor-widget-heading .elementor-heading-title.elementor-size-small{font-size:15px}.elementor-widget-heading .elementor-heading-title.elementor-size-medium{font-size:19px}.elementor-widget-heading .elementor-heading-title.elementor-size-large{font-size:29px}.elementor-widget-heading .elementor-heading-title.elementor-size-xl{font-size:39px}.elementor-widget-heading .elementor-heading-title.elementor-size-xxl{font-size:59px}<\/style><h1 class=\"elementor-heading-title elementor-size-default\"><h2 class=\"elementor-heading-title elementor-size-default elementor-inline-editing pen\" data-elementor-setting-key=\"title\" data-pen-placeholder=\"Teclea aqu\u00ed...\" style=\"transition-duration: 1s;\">NOSOTROS<\/h2><\/h1>\t\t<\/div>\n\t\t\t\t<\/div>\n\t\t\t\t\t<\/div>\n\t\t\t\t<\/div>\n\t\t\t\t\t<\/div>\n\t\t\t\t<\/div>\n\t\t<div class=\"elementor-element elementor-element-fcfd0fa e-flex e-con-boxed e-con e-parent\" data-id=\"fcfd0fa\" data-element_type=\"container\" data-settings=\"{&quot;content_width&quot;:&quot;boxed&quot;}\" data-core-v316-plus=\"true\">\n\t\t\t\t\t<div class=\"e-con-inner\">\n\t\t<div class=\"elementor-element elementor-element-85ff4a2 e-con-full e-flex e-con e-child\" data-id=\"85ff4a2\" data-element_type=\"container\" data-settings=\"{&quot;content_width&quot;:&quot;full&quot;}\">\n\t\t\t\t<div class=\"elementor-element elementor-element-fbd68df elementor-widget elementor-widget-heading\" data-id=\"fbd68df\" data-element_type=\"widget\" data-widget_type=\"heading.default\">\n\t\t\t\t<div class=\"elementor-widget-container\">\n\t\t\t<h5 class=\"elementor-heading-title elementor-size-default\"><style=font-family: \"Arial Narrow\", Arial, sans-serif;>Somos una empresa de servicios profesionales con mas de 8 a\u00f1os de experiencia, que cuenta con personal altamente calificado, con s\u00f3lidos conocimientos y competencias. La permanencia en el mercado se debe a la fidelidad de nuestros clientes, seriedad y compromiso que tenemos al momento de ejecutar nuestros proyectos.\n<br><br>En <b>SERVELECTRIC Ingenier\u00eda<\/b>, nos preocupamos de cumplir al pie de la letra la normativa vigente emitida por la SEC y entidades regulatorias en cada uno de nuestros proyectos y desaf\u00edos.<br><\/style><\/h5>\t\t<\/div>\n\t\t\t\t<\/div>\n\t\t\t\t<\/div>\n\t\t<div class=\"elementor-element elementor-element-6bb23c2 e-con-full e-flex e-con e-child\" data-id=\"6bb23c2\" data-element_type=\"container\" data-settings=\"{&quot;content_width&quot;:&quot;full&quot;}\">\n\t\t\t\t<div class=\"elementor-element elementor-element-0990e00 elementor-widget elementor-widget-image\" data-id=\"0990e00\" data-element_type=\"widget\" data-widget_type=\"image.default\">\n\t\t\t\t<div class=\"elementor-widget-container\">\n\t\t\t<style>\/*! elementor - v3.19.0 - 07-02-2024 *\/\n.elementor-widget-image{text-align:center}.elementor-widget-image a{display:inline-block}.elementor-widget-image a img[src$=\".svg\"]{width:48px}.elementor-widget-image img{vertical-align:middle;display:inline-block}<\/style>\t\t\t\t\t\t\t\t\t\t<img fetchpriority=\"high\" decoding=\"async\" width=\"240\" height=\"317\" src=\"https:\/\/servelectric.cl\/wp-content\/uploads\/2024\/02\/cropped-SERVELECTRIC-INGENIERIA.jpg\" class=\"attachment-large size-large wp-image-604\" alt=\"\" srcset=\"https:\/\/servelectric.cl\/wp-content\/uploads\/2024\/02\/cropped-SERVELECTRIC-INGENIERIA.jpg 240w, https:\/\/servelectric.cl\/wp-content\/uploads\/2024\/02\/cropped-SERVELECTRIC-INGENIERIA-227x300.jpg 227w\" sizes=\"(max-width: 240px) 100vw, 240px\" \/>\t\t\t\t\t\t\t\t\t\t\t\t\t<\/div>\n\t\t\t\t<\/div>\n\t\t\t\t<\/div>\n\t\t\t\t\t<\/div>\n\t\t\t\t<\/div>\n\t\t<div class=\"elementor-element elementor-element-e802199 e-con-full e-flex e-con e-parent\" data-id=\"e802199\" data-element_type=\"container\" data-settings=\"{&quot;content_width&quot;:&quot;full&quot;,&quot;background_background&quot;:&quot;slideshow&quot;,&quot;background_slideshow_slide_duration&quot;:4997,&quot;background_slideshow_ken_burns&quot;:&quot;yes&quot;,&quot;background_slideshow_gallery&quot;:[{&quot;id&quot;:1265,&quot;url&quot;:&quot;https:\\\/\\\/servelectric.cl\\\/wp-content\\\/uploads\\\/2024\\\/02\\\/image_processing20221126-23797-ho4lj6-1.gif&quot;}],&quot;background_slideshow_loop&quot;:&quot;yes&quot;,&quot;background_slideshow_slide_transition&quot;:&quot;fade&quot;,&quot;background_slideshow_transition_duration&quot;:500,&quot;background_slideshow_ken_burns_zoom_direction&quot;:&quot;in&quot;}\" data-core-v316-plus=\"true\">\n\t\t\t\t<div class=\"elementor-element elementor-element-1dad62d elementor-invisible elementor-widget elementor-widget-timeline-widget-addon\" data-id=\"1dad62d\" data-element_type=\"widget\" data-settings=\"{&quot;_animation&quot;:&quot;swing&quot;}\" data-widget_type=\"timeline-widget-addon.default\">\n\t\t\t\t<div class=\"elementor-widget-container\">\n\t\t\t<!-- ========= Timeline Widget Addon For Elementor 1.5.6 ========= -->\r\n<div id=\"twae-wrapper-1dad62d\" class=\"twae-vertical twae-wrapper  twae-both-sided\">   \r\n    <div class=\"twae-start\"><\/div>    \r\n    <div id=\"twea-timeline-1dad62d\" class=\"twae-timeline\" ><!-- Start of Story Repeater Content --><div id=\"story-548f414\" class=\"twae-story twae-repeater-item twae-story-right twae-story-no-icon\"><!-- Story Icon --><div class=\"twae-icon\"><i aria-hidden=\"true\" class=\"far fa-clock\"><\/i><\/div><!-- Story Arrow --><div class=\"twae-arrow\"><\/div><!-- Start of Story Content --><div class=\"twae-content\"><!-- Story Title --><div class=\"twae-title\">Visi\u00f3n<\/div><!-- Story Image --><div class=\"twae-media thumbnail\"><img decoding=\"async\" width=\"150\" height=\"150\" src=\"https:\/\/servelectric.cl\/wp-content\/uploads\/2024\/02\/symbole-de-l-oeil-orange-150x150.png\" class=\"attachment-thumbnail size-thumbnail\" alt=\"\" srcset=\"https:\/\/servelectric.cl\/wp-content\/uploads\/2024\/02\/symbole-de-l-oeil-orange-150x150.png 150w, https:\/\/servelectric.cl\/wp-content\/uploads\/2024\/02\/symbole-de-l-oeil-orange-300x300.png 300w, https:\/\/servelectric.cl\/wp-content\/uploads\/2024\/02\/symbole-de-l-oeil-orange.png 512w\" sizes=\"(max-width: 150px) 100vw, 150px\" \/><\/div><!-- Story Description --><div class=\"twae-description\"><p style=\"text-align: center\">Ser reconocidos como una\u00a0<span style=\"text-align: var(--tw-cbx-text-align)\">empresa de ingenier\u00eda de excelencia,\u00a0<\/span><span style=\"text-align: var(--tw-cbx-text-align)\">confiable y competitiva, agregando\u00a0<\/span><span style=\"text-align: var(--tw-cbx-text-align)\">valor a sus clientes y staff de\u00a0<\/span><span style=\"text-align: var(--tw-cbx-text-align)\">trabajadores los cuales est\u00e1n\u00a0<\/span><span style=\"text-align: var(--tw-cbx-text-align)\">continuamente mejorando la calidad\u00a0<\/span><span style=\"text-align: var(--tw-cbx-text-align)\">de los procesos relacionados al\u00a0<\/span><span style=\"text-align: var(--tw-cbx-text-align)\">desarrollo energ\u00e9tico del pa\u00eds.<\/span><\/p><\/div><\/div><\/div><!-- Start of Story Repeater Content --><div id=\"story-efc1094\" class=\"twae-story twae-repeater-item twae-story-left twae-story-no-icon\"><!-- Story Icon --><div class=\"twae-icon\"><i aria-hidden=\"true\" class=\"far fa-clock\"><\/i><\/div><!-- Story Arrow --><div class=\"twae-arrow\"><\/div><!-- Start of Story Content --><div class=\"twae-content\"><!-- Story Title --><div class=\"twae-title\">Compromiso<\/div><!-- Story Image --><div class=\"twae-media thumbnail\"><img decoding=\"async\" width=\"150\" height=\"150\" src=\"https:\/\/servelectric.cl\/wp-content\/uploads\/2024\/02\/12182878-150x150.png\" class=\"attachment-thumbnail size-thumbnail\" alt=\"\" srcset=\"https:\/\/servelectric.cl\/wp-content\/uploads\/2024\/02\/12182878-150x150.png 150w, https:\/\/servelectric.cl\/wp-content\/uploads\/2024\/02\/12182878-300x300.png 300w, https:\/\/servelectric.cl\/wp-content\/uploads\/2024\/02\/12182878.png 512w\" sizes=\"(max-width: 150px) 100vw, 150px\" \/><\/div><!-- Story Description --><div class=\"twae-description\"><p>Como empresa adoptamos una actitud responsable con el medio ambiente que contribuye al desarrollo sostenible de nuestros proyectos, cumpliendo con toda la normativa aplicabley la mejora continua de las actividades. Velamos por la prevenci\u00f3n, protecci\u00f3n y cuidados del medio ambiente.<\/p><\/div><\/div><\/div><!-- Start of Story Repeater Content --><div id=\"story-c981dee\" class=\"twae-story twae-repeater-item twae-story-right twae-story-no-icon\"><!-- Story Icon --><div class=\"twae-icon\"><i aria-hidden=\"true\" class=\"far fa-clock\"><\/i><\/div><!-- Story Arrow --><div class=\"twae-arrow\"><\/div><!-- Start of Story Content --><div class=\"twae-content\"><!-- Story Title --><div class=\"twae-title\">Metas<\/div><!-- Story Image --><div class=\"twae-media thumbnail\"><img loading=\"lazy\" decoding=\"async\" width=\"150\" height=\"150\" src=\"https:\/\/servelectric.cl\/wp-content\/uploads\/2024\/02\/26-values-excellence-150x150.png\" class=\"attachment-thumbnail size-thumbnail\" alt=\"\" srcset=\"https:\/\/servelectric.cl\/wp-content\/uploads\/2024\/02\/26-values-excellence-150x150.png 150w, https:\/\/servelectric.cl\/wp-content\/uploads\/2024\/02\/26-values-excellence-300x300.png 300w, https:\/\/servelectric.cl\/wp-content\/uploads\/2024\/02\/26-values-excellence.png 369w\" sizes=\"(max-width: 150px) 100vw, 150px\" \/><\/div><!-- Story Description --><div class=\"twae-description\"><p style=\"text-align: left\">Ser la empresa l\u00edder en proyectos de conectividad el\u00e9ctrica de distintas localidades fomentando el desarrollo energ\u00e9tico y medioambiental dentro de los m\u00e1rgenes del sistema interconectado central (SIC).<\/p><\/div><\/div><\/div><!-- Start of Story Repeater Content --><div id=\"story-1aea6ea\" class=\"twae-story twae-repeater-item twae-story-left twae-story-no-icon\"><!-- Story Icon --><div class=\"twae-icon\"><i aria-hidden=\"true\" class=\"far fa-clock\"><\/i><\/div><!-- Story Arrow --><div class=\"twae-arrow\"><\/div><!-- Start of Story Content --><div class=\"twae-content\"><!-- Story Title --><div class=\"twae-title\">Misi\u00f3n<\/div><!-- Story Image --><div class=\"twae-media thumbnail\"><img loading=\"lazy\" decoding=\"async\" width=\"150\" height=\"150\" src=\"https:\/\/servelectric.cl\/wp-content\/uploads\/2024\/02\/mission-png-1121-150x150.png\" class=\"attachment-thumbnail size-thumbnail\" alt=\"\" srcset=\"https:\/\/servelectric.cl\/wp-content\/uploads\/2024\/02\/mission-png-1121-150x150.png 150w, https:\/\/servelectric.cl\/wp-content\/uploads\/2024\/02\/mission-png-1121-300x300.png 300w, https:\/\/servelectric.cl\/wp-content\/uploads\/2024\/02\/mission-png-1121-1024x1024.png 1024w, https:\/\/servelectric.cl\/wp-content\/uploads\/2024\/02\/mission-png-1121-768x768.png 768w, https:\/\/servelectric.cl\/wp-content\/uploads\/2024\/02\/mission-png-1121-600x600.png 600w, https:\/\/servelectric.cl\/wp-content\/uploads\/2024\/02\/mission-png-1121.png 1121w\" sizes=\"(max-width: 150px) 100vw, 150px\" \/><\/div><!-- Story Description --><div class=\"twae-description\"><p>Desarrollar soluciones de&nbsp;<span style=\"text-align: var(--tw-cbx-text-align-alternate)\">Ingenier\u00eda El\u00e9ctrica confiables y eficientes,&nbsp;<\/span><span style=\"text-align: var(--tw-cbx-text-align-alternate)\">en post de los objetivos estrat\u00e9gicos de&nbsp;<\/span><span style=\"text-align: var(--tw-cbx-text-align-alternate)\">nuestros clientes; agregando valor con&nbsp;<\/span><span style=\"text-align: var(--tw-cbx-text-align-alternate)\">nuestra trayectoria profesional plasmado&nbsp;<\/span><span style=\"text-align: var(--tw-cbx-text-align-alternate)\">en nuestros proyectos.<\/span><\/p><\/div><\/div><\/div><\/div>\r\n    <div class=\"twae-end\"><\/div>\r\n    <\/div><style type=\"text\/css\">@media (max-width: 1024px){ .twae-wrapper{--tw-ybx-size: 80px !important;}}@media (max-width: 767px){ .twae-wrapper{--tw-ybx-size: 80px !important}}<\/style>\t\t<\/div>\n\t\t\t\t<\/div>\n\t\t\t\t<\/div>\n\t\t\t\t<\/div>\n\t\t","protected":false},"excerpt":{"rendered":"<p>NOSOTROS Visi\u00f3n Ser reconocidos como una\u00a0empresa de ingenier\u00eda de excelencia,\u00a0confiable y competitiva, agregando\u00a0valor a sus clientes y staff de\u00a0trabajadores los cuales est\u00e1n\u00a0continuamente mejorando la calidad\u00a0de los procesos relacionados al\u00a0desarrollo energ\u00e9tico del pa\u00eds. Compromiso Como empresa adoptamos una actitud responsable con el medio ambiente que contribuye al desarrollo sostenible de nuestros proyectos, cumpliendo con toda la [&hellip;]<\/p>\n","protected":false},"author":1,"featured_media":0,"parent":0,"menu_order":0,"comment_status":"closed","ping_status":"closed","template":"","meta":{"_regular_price":[],"currency_symbol":[],"footnotes":""},"post_slider_layout_featured_media_urls":{"thumbnail":"","post_slider_layout_landscape_large":"","post_slider_layout_portrait_large":"","post_slider_layout_square_large":"","post_slider_layout_landscape":"","post_slider_layout_portrait":"","post_slider_layout_square":"","full":""},"_links":{"self":[{"href":"https:\/\/servelectric.cl\/index.php\/wp-json\/wp\/v2\/pages\/142"}],"collection":[{"href":"https:\/\/servelectric.cl\/index.php\/wp-json\/wp\/v2\/pages"}],"about":[{"href":"https:\/\/servelectric.cl\/index.php\/wp-json\/wp\/v2\/types\/page"}],"author":[{"embeddable":true,"href":"https:\/\/servelectric.cl\/index.php\/wp-json\/wp\/v2\/users\/1"}],"replies":[{"embeddable":true,"href":"https:\/\/servelectric.cl\/index.php\/wp-json\/wp\/v2\/comments?post=142"}],"version-history":[{"count":102,"href":"https:\/\/servelectric.cl\/index.php\/wp-json\/wp\/v2\/pages\/142\/revisions"}],"predecessor-version":[{"id":1476,"href":"https:\/\/servelectric.cl\/index.php\/wp-json\/wp\/v2\/pages\/142\/revisions\/1476"}],"wp:attachment":[{"href":"https:\/\/servelectric.cl\/index.php\/wp-json\/wp\/v2\/media?parent=142"}],"curies":[{"name":"wp","href":"https:\/\/api.w.org\/{rel}","templated":true}]}}