{"id":52,"date":"2024-01-03T17:37:03","date_gmt":"2024-01-03T16:37:03","guid":{"rendered":"https:\/\/servelectric.cl\/?page_id=52"},"modified":"2024-02-26T20:41:29","modified_gmt":"2024-02-26T19:41:29","slug":"telecomunicacion","status":"publish","type":"page","link":"https:\/\/servelectric.cl\/index.php\/telecomunicacion\/","title":{"rendered":"Telecomunicaciones"},"content":{"rendered":"\t\t<div data-elementor-type=\"wp-page\" data-elementor-id=\"52\" class=\"elementor elementor-52\">\n\t\t\t\t\t\t<section class=\"elementor-section elementor-top-section elementor-element elementor-element-3ecb8e1 elementor-section-full_width elementor-section-height-min-height elementor-section-items-top elementor-section-height-default\" data-id=\"3ecb8e1\" data-element_type=\"section\" data-settings=\"{&quot;background_background&quot;:&quot;classic&quot;}\">\n\t\t\t\t\t\t\t<div class=\"elementor-background-overlay\"><\/div>\n\t\t\t\t\t\t\t<div class=\"elementor-container elementor-column-gap-default\">\n\t\t\t\t\t<div class=\"elementor-column elementor-col-100 elementor-top-column elementor-element elementor-element-a3b6a01\" data-id=\"a3b6a01\" data-element_type=\"column\">\n\t\t\t<div class=\"elementor-widget-wrap elementor-element-populated\">\n\t\t\t\t\t\t<section class=\"elementor-section elementor-inner-section elementor-element elementor-element-48dc2da elementor-section-boxed elementor-section-height-default elementor-section-height-default\" data-id=\"48dc2da\" data-element_type=\"section\">\n\t\t\t\t\t\t<div class=\"elementor-container elementor-column-gap-default\">\n\t\t\t\t\t<div class=\"elementor-column elementor-col-100 elementor-inner-column elementor-element elementor-element-95be08f\" data-id=\"95be08f\" data-element_type=\"column\">\n\t\t\t<div class=\"elementor-widget-wrap elementor-element-populated\">\n\t\t\t\t\t\t<div class=\"elementor-element elementor-element-09d207a elementor-widget elementor-widget-heading\" data-id=\"09d207a\" data-element_type=\"widget\" data-widget_type=\"heading.default\">\n\t\t\t\t<div class=\"elementor-widget-container\">\n\t\t\t<style>\/*! elementor - v3.19.0 - 07-02-2024 *\/\n.elementor-heading-title{padding:0;margin:0;line-height:1}.elementor-widget-heading .elementor-heading-title[class*=elementor-size-]>a{color:inherit;font-size:inherit;line-height:inherit}.elementor-widget-heading .elementor-heading-title.elementor-size-small{font-size:15px}.elementor-widget-heading .elementor-heading-title.elementor-size-medium{font-size:19px}.elementor-widget-heading .elementor-heading-title.elementor-size-large{font-size:29px}.elementor-widget-heading .elementor-heading-title.elementor-size-xl{font-size:39px}.elementor-widget-heading .elementor-heading-title.elementor-size-xxl{font-size:59px}<\/style><h1 class=\"elementor-heading-title elementor-size-default\">TELECOMUNICACIONES<\/h1>\t\t<\/div>\n\t\t\t\t<\/div>\n\t\t\t\t<div class=\"elementor-element elementor-element-0033e53 elementor-widget-mobile__width-inherit elementor-widget-tablet__width-inherit elementor-widget elementor-widget-text-editor\" data-id=\"0033e53\" data-element_type=\"widget\" data-widget_type=\"text-editor.default\">\n\t\t\t\t<div class=\"elementor-widget-container\">\n\t\t\t<style>\/*! elementor - v3.19.0 - 07-02-2024 *\/\n.elementor-widget-text-editor.elementor-drop-cap-view-stacked .elementor-drop-cap{background-color:#69727d;color:#fff}.elementor-widget-text-editor.elementor-drop-cap-view-framed .elementor-drop-cap{color:#69727d;border:3px solid;background-color:transparent}.elementor-widget-text-editor:not(.elementor-drop-cap-view-default) .elementor-drop-cap{margin-top:8px}.elementor-widget-text-editor:not(.elementor-drop-cap-view-default) .elementor-drop-cap-letter{width:1em;height:1em}.elementor-widget-text-editor .elementor-drop-cap{float:left;text-align:center;line-height:1;font-size:50px}.elementor-widget-text-editor .elementor-drop-cap-letter{display:inline-block}<\/style>\t\t\t\t\t\t\t\t\t\t<\/div>\n\t\t\t\t<\/div>\n\t\t\t\t\t<\/div>\n\t\t<\/div>\n\t\t\t\t\t<\/div>\n\t\t<\/section>\n\t\t\t\t\t<\/div>\n\t\t<\/div>\n\t\t\t\t\t<\/div>\n\t\t<\/section>\n\t\t<div class=\"elementor-element elementor-element-ddf69ec e-flex e-con-boxed e-con e-parent\" data-id=\"ddf69ec\" data-element_type=\"container\" data-settings=\"{&quot;content_width&quot;:&quot;boxed&quot;}\" data-core-v316-plus=\"true\">\n\t\t\t\t\t<div class=\"e-con-inner\">\n\t\t\t\t<div class=\"elementor-element elementor-element-1dca8a1 elementor-widget elementor-widget-text-editor\" data-id=\"1dca8a1\" data-element_type=\"widget\" data-widget_type=\"text-editor.default\">\n\t\t\t\t<div class=\"elementor-widget-container\">\n\t\t\t\t\t\t\t<h5 style=\"text-align: center;\"><span style=\"color: #000000;\"><strong>En SERVELECTRIC<\/strong>, entendemos que la seguridad ha pasado a tener un rol importante en nuestras vidas, es por eso que nuestros servicios est\u00e1n destinados a ofrecer innovaci\u00f3n y tecnolog\u00eda, para la tranquilidad de tu hogar e industria El principal enfoque es incorporar a todos sus proyectos, aspectos de eficiencia energ\u00e9tica, funcionalidad y seguridad.<\/span><\/h5>\t\t\t\t\t\t<\/div>\n\t\t\t\t<\/div>\n\t\t\t\t\t<\/div>\n\t\t\t\t<\/div>\n\t\t<div class=\"elementor-element elementor-element-3cd717c e-con-full e-flex elementor-invisible e-con e-parent\" data-id=\"3cd717c\" data-element_type=\"container\" data-settings=\"{&quot;content_width&quot;:&quot;full&quot;,&quot;animation&quot;:&quot;pulse&quot;}\" data-core-v316-plus=\"true\">\n\t\t<div class=\"elementor-element elementor-element-e808ccb e-con-full e-flex e-con e-child\" data-id=\"e808ccb\" data-element_type=\"container\" data-settings=\"{&quot;content_width&quot;:&quot;full&quot;,&quot;background_background&quot;:&quot;classic&quot;}\">\n\t\t\t\t<div class=\"elementor-element elementor-element-003977a elementor-position-top elementor-widget elementor-widget-image-box\" data-id=\"003977a\" data-element_type=\"widget\" data-widget_type=\"image-box.default\">\n\t\t\t\t<div class=\"elementor-widget-container\">\n\t\t\t<style>\/*! elementor - v3.19.0 - 07-02-2024 *\/\n.elementor-widget-image-box .elementor-image-box-content{width:100%}@media (min-width:768px){.elementor-widget-image-box.elementor-position-left .elementor-image-box-wrapper,.elementor-widget-image-box.elementor-position-right .elementor-image-box-wrapper{display:flex}.elementor-widget-image-box.elementor-position-right .elementor-image-box-wrapper{text-align:right;flex-direction:row-reverse}.elementor-widget-image-box.elementor-position-left .elementor-image-box-wrapper{text-align:left;flex-direction:row}.elementor-widget-image-box.elementor-position-top .elementor-image-box-img{margin:auto}.elementor-widget-image-box.elementor-vertical-align-top .elementor-image-box-wrapper{align-items:flex-start}.elementor-widget-image-box.elementor-vertical-align-middle .elementor-image-box-wrapper{align-items:center}.elementor-widget-image-box.elementor-vertical-align-bottom .elementor-image-box-wrapper{align-items:flex-end}}@media (max-width:767px){.elementor-widget-image-box .elementor-image-box-img{margin-left:auto!important;margin-right:auto!important;margin-bottom:15px}}.elementor-widget-image-box .elementor-image-box-img{display:inline-block}.elementor-widget-image-box .elementor-image-box-title a{color:inherit}.elementor-widget-image-box .elementor-image-box-wrapper{text-align:center}.elementor-widget-image-box .elementor-image-box-description{margin:0}<\/style><div class=\"elementor-image-box-wrapper\"><figure class=\"elementor-image-box-img\"><img fetchpriority=\"high\" decoding=\"async\" width=\"800\" height=\"800\" src=\"https:\/\/servelectric.cl\/wp-content\/uploads\/2024\/01\/553_D255_U-FTP_CAT6A.png\" class=\"attachment-full size-full wp-image-445\" alt=\"\" srcset=\"https:\/\/servelectric.cl\/wp-content\/uploads\/2024\/01\/553_D255_U-FTP_CAT6A.png 800w, https:\/\/servelectric.cl\/wp-content\/uploads\/2024\/01\/553_D255_U-FTP_CAT6A-300x300.png 300w, https:\/\/servelectric.cl\/wp-content\/uploads\/2024\/01\/553_D255_U-FTP_CAT6A-150x150.png 150w, https:\/\/servelectric.cl\/wp-content\/uploads\/2024\/01\/553_D255_U-FTP_CAT6A-768x768.png 768w, https:\/\/servelectric.cl\/wp-content\/uploads\/2024\/01\/553_D255_U-FTP_CAT6A-600x600.png 600w\" sizes=\"(max-width: 800px) 100vw, 800px\" \/><\/figure><div class=\"elementor-image-box-content\"><h3 class=\"elementor-image-box-title\">CABLEADO ESTRUCTURADO<\/h3><p class=\"elementor-image-box-description\"><br>-Cableado en categor\u00eda 5\/5e, 6\/6A y 7.\n<br>- Conectores y cableado UTP.\n<br>-Implantaci\u00f3n de red local de\ntelecomunicaciones.\n<br>-Red de \u00e1rea local de un recinto.<\/p><\/div><\/div>\t\t<\/div>\n\t\t\t\t<\/div>\n\t\t\t\t<div class=\"elementor-element elementor-element-bf48286 elementor-position-top elementor-widget elementor-widget-image-box\" data-id=\"bf48286\" data-element_type=\"widget\" data-widget_type=\"image-box.default\">\n\t\t\t\t<div class=\"elementor-widget-container\">\n\t\t\t<div class=\"elementor-image-box-wrapper\"><figure class=\"elementor-image-box-img\"><img decoding=\"async\" width=\"533\" height=\"341\" src=\"https:\/\/servelectric.cl\/wp-content\/uploads\/2024\/01\/Electrical-Items-PNG-Image.png\" class=\"attachment-full size-full wp-image-429\" alt=\"\" srcset=\"https:\/\/servelectric.cl\/wp-content\/uploads\/2024\/01\/Electrical-Items-PNG-Image.png 533w, https:\/\/servelectric.cl\/wp-content\/uploads\/2024\/01\/Electrical-Items-PNG-Image-300x192.png 300w\" sizes=\"(max-width: 533px) 100vw, 533px\" \/><\/figure><div class=\"elementor-image-box-content\"><h3 class=\"elementor-image-box-title\">INSTALACI\u00d3N DE EQUIPAMIENTO<\/h3><p class=\"elementor-image-box-description\"><br>- Almacenadores para alimentaci\u00f3n de energ\u00eda ininterrumpida UPS.\n<br>- Armado de rack de comunicaciones.\n<br>- Ejecuci\u00f3n de puntos de red y\ntomacorrientes magic.\n<br>- Red el\u00e9ctrica de circuitos computacionales.<\/p><\/div><\/div>\t\t<\/div>\n\t\t\t\t<\/div>\n\t\t\t\t<\/div>\n\t\t<div class=\"elementor-element elementor-element-8a9a5cb e-con-full e-flex e-con e-child\" data-id=\"8a9a5cb\" data-element_type=\"container\" data-settings=\"{&quot;content_width&quot;:&quot;full&quot;,&quot;background_background&quot;:&quot;classic&quot;}\">\n\t\t\t\t<div class=\"elementor-element elementor-element-779b16c elementor-position-top elementor-widget elementor-widget-image-box\" data-id=\"779b16c\" data-element_type=\"widget\" data-widget_type=\"image-box.default\">\n\t\t\t\t<div class=\"elementor-widget-container\">\n\t\t\t<div class=\"elementor-image-box-wrapper\"><figure class=\"elementor-image-box-img\"><img decoding=\"async\" width=\"455\" height=\"455\" src=\"https:\/\/servelectric.cl\/wp-content\/uploads\/2024\/01\/dp-500.png\" class=\"attachment-full size-full wp-image-447\" alt=\"\" srcset=\"https:\/\/servelectric.cl\/wp-content\/uploads\/2024\/01\/dp-500.png 455w, https:\/\/servelectric.cl\/wp-content\/uploads\/2024\/01\/dp-500-300x300.png 300w, https:\/\/servelectric.cl\/wp-content\/uploads\/2024\/01\/dp-500-150x150.png 150w\" sizes=\"(max-width: 455px) 100vw, 455px\" \/><\/figure><div class=\"elementor-image-box-content\"><h3 class=\"elementor-image-box-title\">TELEFON\u00cdA Y CITOFON\u00cdA\u200b<\/h3><p class=\"elementor-image-box-description\"><br>- Interconexi\u00f3n telef\u00f3nica de red cerrada interna y comunicaci\u00f3n entre calle \u2013casa\u2013 calle.\n<br>- Timbre con c\u00e1mara incorporada y citofon\u00eda habitacional con acceso y\npulso para chapa el\u00e9ctrica.<\/p><\/div><\/div>\t\t<\/div>\n\t\t\t\t<\/div>\n\t\t\t\t<div class=\"elementor-element elementor-element-5dc7423 elementor-position-top elementor-widget elementor-widget-image-box\" data-id=\"5dc7423\" data-element_type=\"widget\" data-widget_type=\"image-box.default\">\n\t\t\t\t<div class=\"elementor-widget-container\">\n\t\t\t<div class=\"elementor-image-box-wrapper\"><figure class=\"elementor-image-box-img\"><img loading=\"lazy\" decoding=\"async\" width=\"1000\" height=\"663\" src=\"https:\/\/servelectric.cl\/wp-content\/uploads\/2024\/01\/TiempoReal_CCTV_fix.png\" class=\"attachment-full size-full wp-image-431\" alt=\"\" srcset=\"https:\/\/servelectric.cl\/wp-content\/uploads\/2024\/01\/TiempoReal_CCTV_fix.png 1000w, https:\/\/servelectric.cl\/wp-content\/uploads\/2024\/01\/TiempoReal_CCTV_fix-300x199.png 300w, https:\/\/servelectric.cl\/wp-content\/uploads\/2024\/01\/TiempoReal_CCTV_fix-768x509.png 768w\" sizes=\"(max-width: 1000px) 100vw, 1000px\" \/><\/figure><div class=\"elementor-image-box-content\"><h3 class=\"elementor-image-box-title\">SEGURIDAD ELECTR\u00d3NICA<\/h3><p class=\"elementor-image-box-description\"><br>- Automatizaci\u00f3n de portones con final de carrera y temporizador.\n<br>- Sistema de video vigilancia CCTV e instalaci\u00f3n de c\u00e1maras nocturnas con visi\u00f3n infrarroja.\n<br>- Instalaci\u00f3n de balizas persuasivas en\nacceso a condominio.\n\n<\/p><\/div><\/div>\t\t<\/div>\n\t\t\t\t<\/div>\n\t\t\t\t<\/div>\n\t\t\t\t<\/div>\n\t\t\t\t<\/div>\n\t\t","protected":false},"excerpt":{"rendered":"<p>TELECOMUNICACIONES En SERVELECTRIC, entendemos que la seguridad ha pasado a tener un rol importante en nuestras vidas, es por eso que nuestros servicios est\u00e1n destinados a ofrecer innovaci\u00f3n y tecnolog\u00eda, para la tranquilidad de tu hogar e industria El principal enfoque es incorporar a todos sus proyectos, aspectos de eficiencia energ\u00e9tica, funcionalidad y seguridad. CABLEADO [&hellip;]<\/p>\n","protected":false},"author":1,"featured_media":0,"parent":0,"menu_order":0,"comment_status":"closed","ping_status":"closed","template":"","meta":{"_regular_price":[],"currency_symbol":[],"footnotes":""},"post_slider_layout_featured_media_urls":{"thumbnail":"","post_slider_layout_landscape_large":"","post_slider_layout_portrait_large":"","post_slider_layout_square_large":"","post_slider_layout_landscape":"","post_slider_layout_portrait":"","post_slider_layout_square":"","full":""},"_links":{"self":[{"href":"https:\/\/servelectric.cl\/index.php\/wp-json\/wp\/v2\/pages\/52"}],"collection":[{"href":"https:\/\/servelectric.cl\/index.php\/wp-json\/wp\/v2\/pages"}],"about":[{"href":"https:\/\/servelectric.cl\/index.php\/wp-json\/wp\/v2\/types\/page"}],"author":[{"embeddable":true,"href":"https:\/\/servelectric.cl\/index.php\/wp-json\/wp\/v2\/users\/1"}],"replies":[{"embeddable":true,"href":"https:\/\/servelectric.cl\/index.php\/wp-json\/wp\/v2\/comments?post=52"}],"version-history":[{"count":140,"href":"https:\/\/servelectric.cl\/index.php\/wp-json\/wp\/v2\/pages\/52\/revisions"}],"predecessor-version":[{"id":1636,"href":"https:\/\/servelectric.cl\/index.php\/wp-json\/wp\/v2\/pages\/52\/revisions\/1636"}],"wp:attachment":[{"href":"https:\/\/servelectric.cl\/index.php\/wp-json\/wp\/v2\/media?parent=52"}],"curies":[{"name":"wp","href":"https:\/\/api.w.org\/{rel}","templated":true}]}}